{"id":3,"date":"2020-10-05T16:36:31","date_gmt":"2020-10-05T16:36:31","guid":{"rendered":"http:\/\/www.hoteles3b.com.mx\/dorado\/?page_id=3"},"modified":"2021-11-30T05:01:44","modified_gmt":"2021-11-30T05:01:44","slug":"privacy-policy","status":"publish","type":"page","link":"http:\/\/www.hoteles3b.com.mx\/dorado\/privacy-policy\/","title":{"rendered":"Aviso de Privacidad"},"content":{"rendered":"\n<p>De acuerdo a lo Previsto en la \u201cLey Federal de Protecci\u00f3n de Datos Personales\u201d, declara Servicios Tur\u00edsticos Candilejas SA de CV., ser una empresa legalmente constituida de conformidad con las leyes mexicanas, con domicilio en CXicotencatl 1017\u00a0 entre Abasolo y D\u00edaz Arag\u00f3n. Col. Flores Mag\u00f3n. C.P. 91900 Veracruz, Ver. y como responsable del tratamiento de sus datos personales, hace de su conocimiento que la informaci\u00f3n de nuestros clientes es tratada<\/p>\n\n\n\n<p>de forma estrictamente confidencial por lo que al proporcionar sus datos personales, tales como:<\/p>\n\n\n\n<p><strong>1. Nombre Completo.<\/strong><\/p>\n\n\n\n<p><strong>2. Direcci\u00f3n.<\/strong><\/p>\n\n\n\n<p><strong>3. Registro Federal de Contribuyentes.<\/strong><\/p>\n\n\n\n<p><strong>4. Tel\u00e9fonos<\/strong><\/p>\n\n\n\n<p><strong>5. Correo Electr\u00f3nico.<\/strong><\/p>\n\n\n\n<p><strong>6. Firma Aut\u00f3grafa<\/strong><\/p>\n\n\n\n<p>Estos ser\u00e1n utilizados \u00fanica y exclusivamente para los siguientes fines:<\/p>\n\n\n\n<p><strong>1. Informaci\u00f3n y Prestaci\u00f3n de Servicios.<\/strong><\/p>\n\n\n\n<p><strong>2. Actualizaci\u00f3n de la Base de Datos.<\/strong><\/p>\n\n\n\n<p><strong>3. Cualquier finalidad an\u00e1loga o compatible con las anteriores.<\/strong><\/p>\n\n\n\n<p>En el caso de Datos sensibles, tales como:<\/p>\n\n\n\n<p><strong>1. Informaci\u00f3n de tarjetas bancarias de cr\u00e9dito o d\u00e9bito (n\u00famero de tarjeta, fecha de expiraci\u00f3n, clave de seguridad)<\/strong><\/p>\n\n\n\n<p>Estos ser\u00e1n utilizados \u00fanica y exclusivamente para los siguientes fines:<\/p>\n\n\n\n<p><strong>1. Informaci\u00f3n y Prestaci\u00f3n de Servicios<\/strong><\/p>\n\n\n\n<p><strong>2. Cualquier finalidad an\u00e1loga o compatible con la anterior.<\/strong><\/p>\n\n\n\n<p>Para prevenir el acceso no autorizado a sus datos personales y con el fin de asegurar que la informaci\u00f3n sea utilizada para los fines establecidos en este aviso de privacidad, hemos establecido diversos procedimientos con la finalidad de evitar el uso o divulgaci\u00f3n no autorizados de sus datos, permiti\u00e9ndonos tratarlos debidamente.<\/p>\n\n\n\n<p>As\u00ed mismo, le informamos que sus datos personales pueden ser Transmitidos para ser tratados por personas distintas a esta empresa.<\/p>\n\n\n\n<p>Todos sus datos personales son tratados de acuerdo a la legislaci\u00f3n aplicable y vigente en el pa\u00eds, por ello le informamos que usted tiene en todo momento los derechos (ARCO) de acceder, rectificar, cancelar u oponerse al tratamiento que le damos a sus datos personales; derecho que podr\u00e1 hacer valer a trav\u00e9s del \u00c1rea de Administraci\u00f3n al Tel\u00e9fono (229) 194 3364 , o al correo electr\u00f3nico: hoteldorado3b@gmail.com<\/p>\n\n\n\n<p>A trav\u00e9s de estos canales usted podr\u00e1 actualizar sus datos y especificar el medio por el cual desea recibir informaci\u00f3n, ya que en caso de no contar con esta especificaci\u00f3n de su parte, Servicios Tur\u00edsticos Candilejas SA de CV. establecer\u00e1 libremente el canal que considere pertinente para enviarle informaci\u00f3n.<\/p>\n\n\n\n<p>Este aviso de privacidad podr\u00e1 ser modificado por Servicios Tur\u00edsticos Candilejas SA de CV., dichas modificaciones ser\u00e1n oportunamente informadas a trav\u00e9s de correo electr\u00f3nico, tel\u00e9fono, o cualquier otro medio de comunicaci\u00f3n que Servicios Tur\u00edsticos Candilejas SA de CV . determine para tal efecto.<\/p>\n\n\n\n<p class=\"has-text-align-center\"><strong>ATENTAMENTE<\/strong><\/p>\n\n\n\n<p class=\"has-text-align-center\"><strong>SERVICIOS TUR\u00cdSTICOS CANDILEJAS SA DE C<\/strong>V<\/p>\n","protected":false},"excerpt":{"rendered":"<p>De acuerdo a lo Previsto en la \u201cLey Federal de Protecci\u00f3n de Datos Personales\u201d, declara Servicios Tur\u00edsticos Candilejas SA de CV., ser una empresa legalmente [&hellip;]<\/p>\n","protected":false},"author":1,"featured_media":0,"parent":0,"menu_order":0,"comment_status":"closed","ping_status":"open","template":"template-fullwide.php","meta":{"_joinchat":[],"footnotes":""},"_links":{"self":[{"href":"http:\/\/www.hoteles3b.com.mx\/dorado\/wp-json\/wp\/v2\/pages\/3"}],"collection":[{"href":"http:\/\/www.hoteles3b.com.mx\/dorado\/wp-json\/wp\/v2\/pages"}],"about":[{"href":"http:\/\/www.hoteles3b.com.mx\/dorado\/wp-json\/wp\/v2\/types\/page"}],"author":[{"embeddable":true,"href":"http:\/\/www.hoteles3b.com.mx\/dorado\/wp-json\/wp\/v2\/users\/1"}],"replies":[{"embeddable":true,"href":"http:\/\/www.hoteles3b.com.mx\/dorado\/wp-json\/wp\/v2\/comments?post=3"}],"version-history":[{"count":5,"href":"http:\/\/www.hoteles3b.com.mx\/dorado\/wp-json\/wp\/v2\/pages\/3\/revisions"}],"predecessor-version":[{"id":220,"href":"http:\/\/www.hoteles3b.com.mx\/dorado\/wp-json\/wp\/v2\/pages\/3\/revisions\/220"}],"wp:attachment":[{"href":"http:\/\/www.hoteles3b.com.mx\/dorado\/wp-json\/wp\/v2\/media?parent=3"}],"curies":[{"name":"wp","href":"https:\/\/api.w.org\/{rel}","templated":true}]}}